?
-4
Let n be -1 + 2 + (-4 - -3) - -1. Let h(r) = 12*r - 2. Let c(i) = -23*i + 3. Let y(g) = 3*c(g) + 5*h(g). Determine y(n).
-10
Let q(z) = -2*z**2 + 1. Let a(u) = u**3 - 12*u**2 + 10*u + 6. Let r be a(11). Let c = r + 7. Determine q(c).
-7
Suppose -b - 18 = -48. Suppose -b + 5 = -5*f. Let k(v) = v**3 - 6*v**2 + 5*v - 3. What is k(f)?
-3
Let h be ((-4)/6)/(3 - 30/9). Let i(u) = u**3 - u**2 + u + 1. Determine i(h).
7
Let g be 2*(1 + -2)/(3/6). Let b(p) = -p**3 - 5*p**2 - 4*p - 2. What is b(g)?
-2
Let o be (3/2)/((-2)/(-4)). Suppose -2*g + 8 = -0*g. Suppose -o*i = -g*i + 3. Let l(v) = -v + 1. Calculate l(i).
-2
Let k(r) = 2*r + 0*r - 1 - 10*r**3 - 6*r**3. Suppose -3*m = -5*x - 8, 6*m = m - 3*x + 2. Determine k(m).
-15
Let m(u) = -u**3 - 26*u**2 - 3*u - 82. Let n be m(-26). Let y(l) = -l**2 - 4*l + 2. Let p(q) = q**2 + 4*q - 2. Let w(a) = -3*p(a) - 2*y(a). What is w(n)?
2
Let t = 2 - -1. Suppose -2*s + 3 = -t*z + 2*z, s + 5*z + 4 = 0. Let m(k) = 6*k**3 + k. Give m(s).
7
Let l(v) = -v**3 - 2 - 3*v + 8*v - 7*v - 8 - 7*v**2. Give l(-7).
4
Let f(c) = 14*c - 2 - 15*c + 2. Let n(s) = 3*s**3 + 2*s**2 + s. Let b be n(-1). Determine f(b).
2
Let c(v) = -v**2 + 5*v + 1. Let l(u) = -3*u - 1. Let r = 3 - 1. Let s(b) = r*c(b) + 5*l(b). Let x be (-3 - (0 - 4))/((-1)/3). Give s(x).
-6
Let y(b) = -5*b**2 + 7*b + 4. Let a(p) = -p**2 + 2*p + 1. Let m = -16 - -7. Let d(q) = m*a(q) + 2*y(q). Give d(-2).
3
Let x(o) be the first derivative of o**3/3 + 7*o**2/2 + 9*o + 3. Determine x(-7).
9
Let r(m) = 3*m - 7. Suppose 4*h + 1 + 3 = 0. Let g = h - -6. Calculate r(g).
8
Let p(q) = -6*q**3 + q**2 + 2*q + 1. Let v be ((-8)/6)/((-2)/3). Let c(g) = -3*g**2 - 1 + v*g**2 - 7*g + 0*g**2. Let d be c(-7). Determine p(d).
6
Let g(i) = -i**3 - 5*i**2 - 5*i - 2. Let q = 2 + -6. Give g(q).
2
Let m be 2*(2 - 3/6). Let f(d) = d - 2. Let r(l) = -l - 3 + 0*l + 2*l. Let c(x) = 3*f(x) - 2*r(x). Determine c(m).
3
Suppose 0*t = -t. Suppose t*j = -5*j - 15. Let o(n) = -n - 7. Give o(j).
-4
Let a(k) be the first derivative of -k - 2. Let h(x) = x**2 + x + 2. Let o(m) = -3*a(m) + h(m). Let f = -2 - -2. Give o(f).
5
Suppose -3*z + 2*n = 4*n - 75, -5*n = 0. Suppose 8*m = 3*m - z. Let b(a) = 3*a + 5. Let f(p) = -4*p - 6. Let q(o) = 5*b(o) + 4*f(o). Calculate q(m).
6
Suppose 0*d + 2*m + 1 = d, -2*d + 12 = m. Let k(v) = -v**3 + 5*v**2 + 2*v + 7. Determine k(d).
17
Let u(m) = -8*m**2 - 49*m + 7. Let n(d) = -3*d**2 - 17*d + 2. Let r(i) = -11*n(i) + 4*u(i). Give r(6).
-12
Let h be 4/(-6) + (-10)/(-15). Let f(p) = p**3 - p**2 - 5. Calculate f(h).
-5
Let h be (-6)/(-6)*(-1)/1. Let f be (h - -1)/(-7 + 8). Let y(c) = -c**2 + c + 5. What is y(f)?
5
Suppose -3*u - 11 = -2. Let o(w) = 5*w - 3. Determine o(u).
-18
Let u(c) = -c**2 - 6*c - 3. Let a(w) = w**3 + w**2 + w - 1. Let j be a(1). Suppose m - 2*m - j = 0. Let i be m/(-5) - 44/10. Give u(i).
5
Suppose 0 = -0*p + 2*p - 2. Let l(x) be the second derivative of x**4/2 - x. Give l(p).
6
Let a(q) = 8*q**2 - 2*q**2 - 2*q + q. Let z be 10/4*(-16)/20 + 3. Determine a(z).
5
Let v(u) = 0*u**3 + 3*u**3 + 2*u**3 + 3*u**2 - 3*u**3 + 2 + 2*u. Determine v(-2).
-6
Let t(u) be the second derivative of -u**3/6 - 5*u**2/2 - 12*u. What is t(0)?
-5
Let f(j) = -j**3 - j - 7. Suppose w + w + 6 = 0. Let a be ((-6)/(-5))/(w/(-15)). Suppose -4*z + a*z = 0. What is f(z)?
-7
Let f(q) = -3*q**3 - 6*q**2 + 5*q + 1. Let b(v) = -v**3 + v**2 - v. Let r(w) = 5*b(w) + f(w). Let i = 99 - 100. What is r(i)?
8
Let z(m) be the first derivative of -m**4/4 - m**3 + 3*m**2 - 6*m - 12. Give z(-5).
14
Let q(w) = w**2 + 2*w + 6. Let x(d) = d**3 + 5*d**2 + 7*d - 1. Let b be x(-3). Calculate q(b).
14
Let c(v) = v**3 - 4*v**2 + 2*v - 5. Let m be 14/4 + (-4)/(-8). What is c(m)?
3
Let z be 2/3 - (-10)/3. Suppose -z = q - 5*q + 3*j, 0 = 4*j - 16. Suppose 0 = -q*s - 0*s - 16. Let w(b) = b + 5. Calculate w(s).
1
Suppose 78 - 74 = -2*s. Let x(g) = 13*g - 1. Give x(s).
-27
Let l(s) = 5*s - 1. Let k(r) = -14*r + 3. Let d(j) = -6*k(j) - 17*l(j). Determine d(4).
-5
Let b(z) = z - 5. Suppose 0 = 3*r + r - 24. Determine b(r).
1
Let g(i) = 2*i - 4. Let t(u) = -3*u + 6. Let d(q) = 7*g(q) + 5*t(q). Calculate d(-2).
4
Let b be 1*-4 - 36/(-4). Let r(z) = 5*z + 11. Let w(h) = h + 2. Let g(y) = -2*r(y) + 11*w(y). Determine g(b).
5
Let q(d) = d**2 + 4*d + 3. Let t(p) = 2*p**2 + 4*p + 3. Let y(c) = 4*q(c) - 3*t(c). Give y(4).
-13
Let b = 8 + -6. Let a(n) = n + 4*n + n**3 - 4*n**2 - b*n - 2. Determine a(3).
-2
Let a(t) = -t + 1. Suppose -15 = -6*m + m. Let n be a(m). Let p(h) = h + 1. Let v(s) = -s**2 - 2*s - 3. Let k(f) = -5*p(f) - 2*v(f). What is k(n)?
11
Let s be -6 + 1 + 2 + -1. Suppose 0 = -4*x + 2*x - v + 26, -4*x + 52 = -5*v. Let c(i) = -i**3 + 6 - 6*i**2 + 18*i - x*i + 3*i**2. Give c(s).
2
Let t = -37 + 41. Let l(k) = -k + 4. Give l(t).
0
Let z(g) = g + 2. Let u be z(-6). Let a(y) be the third derivative of -y**6/120 - y**5/12 - y**4/6 + 5*y**3/6 + 11*y**2. Give a(u).
5
Let t(v) = -11*v - 13. Let p be t(-2). Let s(g) = g**2 - 8*g - 8. What is s(p)?
1
Let s(k) = -3*k**3. Let u(t) = -t**3 - 8*t**2 + 9*t + 1. Let x be 9/(-1) - 0/2. Let w be u(x). Calculate s(w).
-3
Let c(k) = -5*k**2 + 1. Suppose 7 = -2*z + 1, 13 = 2*v - z. Suppose 6*i - i = -2*u + 5, 0 = -u + v. What is c(i)?
-4
Let g(l) = 2*l**2 + 4*l + 2. Let j(a) = a**2 + 5*a + 1. Let b(m) = -2*g(m) + 3*j(m). Let h = -3 - -9. Let k be b(h). Let x(s) = -s**2 + 4*s + 7. What is x(k)?
2
Let l = -12 - -9. Let v(u) = -2*u - 4*u + 0*u - u**2 - 3. Give v(l).
6
Let c(y) = -y**2 + y - 1. Let h(b) = -5*b**2 + 2*b - 4. Suppose 2*f - 20 = -4*k, k + 0*k = 3*f - 2. Let m(j) = k*c(j) - h(j). Give m(3).
15
Let t(w) be the second derivative of 3/2*w**2 + 1/3*w**3 + 0 - w - 1/12*w**4. Let p(q) = -4*q**2 + 3*q - 1. Let d be p(1). Determine t(d).
-5
Let h be (-1 - -3) + (7 - 5). Let y be (-1)/(-3) - (-10)/6. Let k(f) = 2*f**2 + 5*f - 2*f**2 - f**y. Calculate k(h).
4
Let c(y) be the first derivative of y**3/3 + 2*y**2 - 6*y - 2. Determine c(-5).
-1
Let w(x) = 3*x + 4. Suppose -4*b - 5 = 5*u, -3*u + 8*b = 4*b + 35. Give w(u).
-11
Let w(s) = -s**3 - 7*s**2 - s. Suppose -9*c = 14 + 49. Determine w(c).
7
Let r(o) = -o**2 + 1 - 10 + 1. Let l be (-4)/(-10) + 4/(-10). Give r(l).
-8
Let j(t) = t**3 - 5*t**2 - 7*t + 8. Let o be j(6). Let n(l) be the second derivative of -l**5/20 + l**4/6 + l**3/6 - l**2/2 + l. Determine n(o).
1
Let n = -74 + 70. Let x(b) = b**2 + 5*b + 2. What is x(n)?
-2
Let c(j) = -10*j**2 - j + 1. Suppose -2 = 3*v - 4*v. Suppose 5*u - v = 3. Calculate c(u).
-10
Let x(l) = -9*l + 7. Let b(p) = -20*p + 15. Let j(u) = 4*b(u) - 9*x(u). What is j(8)?
5
Suppose 17 = 4*u - 3. Let l(j) be the third derivative of -j**6/120 + j**5/12 - j**4/24 + 7*j**3/6 + j**2. What is l(u)?
2
Let t(x) be the second derivative of 3*x**5/10 + x**4/12 + x**3/6 - x**2/2 + 30*x. Let i = 2 + -1. Calculate t(i).
7
Let u(g) = 2*g**3 - g**2 + 4*g + 1. Let m(y) = -7*y**3 - 3*y + 6. Let z(d) = -d**3 + 1. Let t(a) = -m(a) + 6*z(a). Let n(x) = 3*t(x) - 2*u(x). Determine n(2).
0
Let b(d) = 2 + 4*d + d - 4*d. Suppose -2 = 8*c + 14. Determine b(c).
0
Let d(p) = 3*p + 5. Suppose 0 = -w + 4*g + 7 + 13, -g = -3*w + 16. What is d(w)?
17
Let k(j) be the first derivative of -j**3/3 - 3*j**2/2 + 5*j - 11. Determine k(-5).
-5
Suppose -z = 2*z - 6. Suppose 5*d - 25 = -4*i + 11, i - 20 = -4*d. Let h(t) = 5*t**2 + d - 4*t**z - 3 - 3*t. Calculate h(4).
5
Let c(x) = x**3 - 2*x**2 - 2*x + 3. Suppose 5 = 3*u - 7. Suppose -u*o + 3*o = -6. Let v be (-4)/(o/(-3)) - 0. Determine c(v).
-1
Let m(x) be the second derivative of -5*x**4/12 + x**3/6 + x**2/2 + x. Let s(j) = -j - 8. Let b be s(-7). Give m(b).
-5
Suppose 26 = 3*s + 17. Let w(u) be the second derivative of 0 - 1/3*u**s + u - 3/2*u**2 - 1/12*u**4. Give w(-3).
-6
Let r = 313 + -207. Let v be 4/22 + r/22. Let h(s) = -1 + 8 - 3*s + 2*s + 5. Determine h(v).
7
Let b(w) = -12*w**3 + 2*w**2 + w. Let j be -4*5/(-4) - 6. Give b(j).
13
Suppose 0 = -4*j - 3 + 15. Let a(l) = l**2 + 2 + l**j - 3 + 6. What is a(0)?
5
Let g(h) = -3*h**2 - 8*h + h**3 + 2*h + 2*h - 3. Determine g(4).
-3
Let b(p) = 1. Let q(r) = -2*r - 6. Let u(i) = 5*b(i) + q(i). Let g be (-9)/(-48)*1*-4*-4. Calculate u(g).
-7
Let z(l) = -4*l**2 + l - 1. Let n(a) = a**3 + 13*a**2 + 22*a - 12. Let r be n(-11). Let v be 3/(